{"id":6075,"date":"2023-09-05T15:51:00","date_gmt":"2023-09-05T13:51:00","guid":{"rendered":"https:\/\/buroproject.be\/inzichten\/temoignage-demploye-limpact-dun-nouvel-amenagement-de-bureau\/"},"modified":"2026-04-17T10:45:39","modified_gmt":"2026-04-17T08:45:39","slug":"temoignage-demploye-limpact-dun-nouvel-amenagement-de-bureau","status":"publish","type":"inzichten","link":"https:\/\/buroproject.be\/fr\/perspectives\/temoignage-demploye-limpact-dun-nouvel-amenagement-de-bureau\/","title":{"rendered":"T\u00e9moignage d&#8217;employ\u00e9 : L&rsquo;impact d&rsquo;un nouvel am\u00e9nagement de bureau."},"content":{"rendered":"\n<div class=\"wp-block-group fullWidthImgSec has-global-padding is-layout-constrained wp-block-group-is-layout-constrained\" style=\"padding-top:var(--wp--preset--spacing--60-30);padding-bottom:var(--wp--preset--spacing--60-30)\">\n<div class=\"wp-block-group is-layout-flow wp-block-group-is-layout-flow\">\n<figure class=\"wp-block-image size-full has-custom-border\"><img decoding=\"async\" width=\"2560\" height=\"1074\" src=\"https:\/\/buroproject.be\/wp-content\/uploads\/2025\/10\/d95a143e-f673-4c46-8e73-1a8ddf08ac37.jpg-scaled.webp\" alt=\"\" class=\"wp-image-2793\" style=\"border-radius:0px\" srcset=\"https:\/\/buroproject.be\/wp-content\/uploads\/2025\/10\/d95a143e-f673-4c46-8e73-1a8ddf08ac37.jpg-scaled.webp 2560w, https:\/\/buroproject.be\/wp-content\/uploads\/2025\/10\/d95a143e-f673-4c46-8e73-1a8ddf08ac37.jpg-300x126.webp 300w, https:\/\/buroproject.be\/wp-content\/uploads\/2025\/10\/d95a143e-f673-4c46-8e73-1a8ddf08ac37.jpg-1024x429.webp 1024w, https:\/\/buroproject.be\/wp-content\/uploads\/2025\/10\/d95a143e-f673-4c46-8e73-1a8ddf08ac37.jpg-768x322.webp 768w, https:\/\/buroproject.be\/wp-content\/uploads\/2025\/10\/d95a143e-f673-4c46-8e73-1a8ddf08ac37.jpg-1536x644.webp 1536w, https:\/\/buroproject.be\/wp-content\/uploads\/2025\/10\/d95a143e-f673-4c46-8e73-1a8ddf08ac37.jpg-2048x859.webp 2048w\" sizes=\"(max-width: 2560px) 100vw, 2560px\" \/><\/figure>\n<\/div>\n<\/div>\n\n<div class=\"wp-block-columns is-layout-flex wp-container-core-columns-is-layout-6b66b73d wp-block-columns-is-layout-flex\" style=\"margin-top:0;margin-bottom:0;padding-top:var(--wp--preset--spacing--32-24);padding-bottom:var(--wp--preset--spacing--32-24)\">\n<div class=\"wp-block-column has-global-padding is-layout-constrained wp-block-column-is-layout-constrained\">\n<div class=\"wp-block-group is-layout-flow wp-container-core-group-is-layout-4bbf747a wp-block-group-is-layout-flow\">\n<p>\u00ab Des espaces de travail intelligents pour des personnes heureuses \u00bb. Avec notre am\u00e9nagement de bureau, nous voulons rendre les employ\u00e9s heureux. Nous testons l&rsquo;impact \u00ab r\u00e9el \u00bb en le demandant \u00e0 un coll\u00e8gue chez l&rsquo;un de nos clients ESHRE, European Society for Human Reproduction and Embryology.  <br\/><\/p>\n<\/div>\n<\/div>\n<\/div>\n\n<div class=\"wp-block-columns is-layout-flex wp-container-core-columns-is-layout-6b66b73d wp-block-columns-is-layout-flex\" style=\"margin-top:0;margin-bottom:0;padding-top:var(--wp--preset--spacing--32-24);padding-bottom:var(--wp--preset--spacing--32-24)\">\n<div class=\"wp-block-column has-global-padding is-layout-constrained wp-block-column-is-layout-constrained\">\n<div class=\"wp-block-group is-layout-flow wp-container-core-group-is-layout-4bbf747a wp-block-group-is-layout-flow\">\n<h2 class=\"wp-block-heading\">Quelle a \u00e9t\u00e9 votre premi\u00e8re impression du nouveau bureau ? <\/h2>\n\n\n\n<p>Notre nouveau bureau para\u00eet tr\u00e8s spacieux, mais il est surtout fonctionnel. C&rsquo;est quelque chose qui frappe imm\u00e9diatement quand vous entrez, chaque \u00e9l\u00e9ment a \u00e9t\u00e9 pens\u00e9. Le style calme et professionnel correspond parfaitement \u00e0 ESHRE.   <br\/><\/p>\n<\/div>\n<\/div>\n<\/div>\n\n<div class=\"wp-block-columns is-layout-flex wp-container-core-columns-is-layout-6b66b73d wp-block-columns-is-layout-flex\" style=\"margin-top:0;margin-bottom:0;padding-top:var(--wp--preset--spacing--32-24);padding-bottom:var(--wp--preset--spacing--32-24)\">\n<div class=\"wp-block-column has-global-padding is-layout-constrained wp-block-column-is-layout-constrained\">\n<div class=\"wp-block-group is-layout-flow wp-container-core-group-is-layout-4bbf747a wp-block-group-is-layout-flow\">\n<h2 class=\"wp-block-heading\">Comment le nouveau bureau a-t-il influenc\u00e9 la productivit\u00e9 par rapport \u00e0 l&rsquo;ancien bureau ? <\/h2>\n\n\n\n<p>Dans notre ancien bureau, le manque de salles de r\u00e9union entra\u00eenait des frustrations. Les diff\u00e9rents espaces de r\u00e9union dont nous disposons d\u00e9sormais contribuent certainement \u00e0 rendre les nombreuses r\u00e9unions, physiques et en ligne, plus productives. Pour les t\u00e2ches exigeant davantage de concentration, nous disposons \u00e9galement de postes de travail individuels ferm\u00e9s. Parall\u00e8lement, contrairement \u00e0 notre bureau pr\u00e9c\u00e9dent, nous pouvons d\u00e9sormais tous travailler dans le m\u00eame espace de bureau.    Dans l\u2019ancien bureau, nous \u00e9tions r\u00e9partis sur deux \u00e9tages, ce qui divisait notre \u00ab petite \u00bb \u00e9quipe en deux groupes. <strong>Il y a plus de coh\u00e9sion aujourd&rsquo;hui.<\/strong><\/p>\n<\/div>\n<\/div>\n<\/div>\n\n<div class=\"wp-block-columns txtWthBg is-layout-flex wp-container-core-columns-is-layout-5cac8182 wp-block-columns-is-layout-flex\" style=\"margin-top:0px;margin-bottom:0px;padding-top:var(--wp--preset--spacing--60-30);padding-bottom:var(--wp--preset--spacing--60-30)\">\n<div class=\"wp-block-column has-global-padding is-layout-constrained wp-block-column-is-layout-constrained\">\n<div class=\"wp-block-group txtWthBgWrap has-background is-layout-flow wp-container-core-group-is-layout-8738a8f5 wp-block-group-is-layout-flow\" style=\"background-color:#e4e9e3;padding-top:var(--wp--preset--spacing--80-40);padding-right:var(--wp--preset--spacing--80-40);padding-bottom:var(--wp--preset--spacing--80-40);padding-left:var(--wp--preset--spacing--80-40)\">\n<div class=\"wp-block-group is-content-justification-center is-nowrap is-layout-flex wp-container-core-group-is-layout-23441af8 wp-block-group-is-layout-flex\">\n<figure class=\"wp-block-image size-full\"><img decoding=\"async\" width=\"533\" height=\"800\" src=\"https:\/\/buroproject.be\/wp-content\/uploads\/2025\/10\/Buro-Project-ESHRE-25-533x800-1.jpg\" alt=\"\" class=\"wp-image-2792\" srcset=\"https:\/\/buroproject.be\/wp-content\/uploads\/2025\/10\/Buro-Project-ESHRE-25-533x800-1.jpg 533w, https:\/\/buroproject.be\/wp-content\/uploads\/2025\/10\/Buro-Project-ESHRE-25-533x800-1-200x300.jpg 200w\" sizes=\"(max-width: 533px) 100vw, 533px\" \/><\/figure>\n<\/div>\n<\/div>\n<\/div>\n<\/div>\n\n<div class=\"wp-block-columns is-layout-flex wp-container-core-columns-is-layout-6b66b73d wp-block-columns-is-layout-flex\" style=\"margin-top:0;margin-bottom:0;padding-top:var(--wp--preset--spacing--32-24);padding-bottom:var(--wp--preset--spacing--32-24)\">\n<div class=\"wp-block-column has-global-padding is-layout-constrained wp-block-column-is-layout-constrained\">\n<div class=\"wp-block-group is-layout-flow wp-container-core-group-is-layout-4bbf747a wp-block-group-is-layout-flow\">\n<h2 class=\"wp-block-heading\">Quels \u00e9l\u00e9ments sp\u00e9cifiques recommanderiez-vous directement \u00e0 d&rsquo;autres entreprises qui souhaitent investir dans un nouvel am\u00e9nagement de bureau ? <\/h2>\n\n\n\n<p>La zone de r\u00e9union informelle avec des poufs confortables qui a \u00e9t\u00e9 plac\u00e9e entre les postes de travail, rompt l&rsquo;espace ouvert et a certainement une valeur ajout\u00e9e acoustique, mais elle est aussi particuli\u00e8rement fonctionnelle. <\/p>\n\n\n\n<p>Au lieu de rester debout \u00e0 parler pr\u00e8s d&rsquo;un bureau, vous avez imm\u00e9diatement l&rsquo;intuition d&rsquo;utiliser cette zone, ce qui favorise la conversation et en m\u00eame temps les autres coll\u00e8gues de l&rsquo;\u00eelot ne sont pas d\u00e9rang\u00e9s. Je suis aussi un grand fan de la cloison en bois multifonctionnelle, avec espace de rangement, places assises, espace de placards. Un \u00e9l\u00e9ment tr\u00e8s beau, tant au niveau du design que de l&rsquo;ex\u00e9cution.   <\/p>\n\n\n\n<p>Enfin, je suis un fan absolu du plan de travail de l&rsquo;\u00eelot dans la cuisine, qui a \u00e9t\u00e9 r\u00e9alis\u00e9 en terrazzo, et je ne suis pas le seul. Il est not\u00e9 comme un incontournable pour la nouvelle cuisine chez moi. <\/p>\n\n\n\n<div class=\"wp-block-buttons is-layout-flex wp-block-buttons-is-layout-flex\">\n<div class=\"wp-block-button is-style-black is-style-black--1\"><a class=\"wp-block-button__link wp-element-button\" href=\"https:\/\/buroproject.be\/fr\/realisations\/eshre\/\">d\u00e9couvrez l&rsquo;am\u00e9nagement complet d&rsquo;eshre<\/a><\/div>\n<\/div>\n\n\n\n<div class=\"wp-block-buttons is-layout-flex wp-block-buttons-is-layout-flex\">\n<div class=\"wp-block-button is-style-black is-style-black--2\"><a class=\"wp-block-button__link wp-element-button\" href=\"https:\/\/buroproject.be\/sites\/default\/files\/2023-09\/BuroProject_Services_Presentation.pdf\">t\u00e9l\u00e9chargez notre pr\u00e9sentation de services<\/a><\/div>\n<\/div>\n<\/div>\n<\/div>\n<\/div>\n\n<div class=\"wp-block-group gallerySec has-global-padding is-layout-constrained wp-block-group-is-layout-constrained\" style=\"margin-top:0px;margin-bottom:0px;padding-top:var(--wp--preset--spacing--60-30);padding-bottom:var(--wp--preset--spacing--60-30)\">\n<div class=\"wp-block-group is-layout-flow wp-block-group-is-layout-flow\">\n<figure class=\"wp-block-gallery has-nested-images columns-2 hasMasonry galleryImg hasFancy wp-block-gallery-3 is-layout-flex wp-block-gallery-is-layout-flex\">\n<figure class=\"wp-block-image size-full\"><img decoding=\"async\" width=\"900\" height=\"600\" data-id=\"3576\" src=\"https:\/\/buroproject.be\/wp-content\/uploads\/2025\/10\/Buro-Project-ESHRE-09-scaled.jpg.webp\" alt=\"\" class=\"wp-image-3576\" srcset=\"https:\/\/buroproject.be\/wp-content\/uploads\/2025\/10\/Buro-Project-ESHRE-09-scaled.jpg.webp 900w, https:\/\/buroproject.be\/wp-content\/uploads\/2025\/10\/Buro-Project-ESHRE-09-scaled.jpg-300x200.webp 300w, https:\/\/buroproject.be\/wp-content\/uploads\/2025\/10\/Buro-Project-ESHRE-09-scaled.jpg-768x512.webp 768w\" sizes=\"(max-width: 900px) 100vw, 900px\" \/><\/figure>\n\n\n\n<figure class=\"wp-block-image size-full\"><img decoding=\"async\" width=\"900\" height=\"600\" data-id=\"3577\" src=\"https:\/\/buroproject.be\/wp-content\/uploads\/2025\/10\/Buro-Project-ESHRE-04-1280x853.jpg-1.webp\" alt=\"\" class=\"wp-image-3577\" srcset=\"https:\/\/buroproject.be\/wp-content\/uploads\/2025\/10\/Buro-Project-ESHRE-04-1280x853.jpg-1.webp 900w, https:\/\/buroproject.be\/wp-content\/uploads\/2025\/10\/Buro-Project-ESHRE-04-1280x853.jpg-1-300x200.webp 300w, https:\/\/buroproject.be\/wp-content\/uploads\/2025\/10\/Buro-Project-ESHRE-04-1280x853.jpg-1-768x512.webp 768w\" sizes=\"(max-width: 900px) 100vw, 900px\" \/><\/figure>\n\n\n\n<figure class=\"wp-block-image size-full\"><img decoding=\"async\" width=\"900\" height=\"600\" data-id=\"3578\" src=\"https:\/\/buroproject.be\/wp-content\/uploads\/2025\/10\/Buro-Project-ESHRE-21-scaled.jpg.webp\" alt=\"\" class=\"wp-image-3578\" srcset=\"https:\/\/buroproject.be\/wp-content\/uploads\/2025\/10\/Buro-Project-ESHRE-21-scaled.jpg.webp 900w, https:\/\/buroproject.be\/wp-content\/uploads\/2025\/10\/Buro-Project-ESHRE-21-scaled.jpg-300x200.webp 300w, https:\/\/buroproject.be\/wp-content\/uploads\/2025\/10\/Buro-Project-ESHRE-21-scaled.jpg-768x512.webp 768w\" sizes=\"(max-width: 900px) 100vw, 900px\" \/><\/figure>\n\n\n\n<figure class=\"wp-block-image size-full\"><img decoding=\"async\" width=\"460\" height=\"600\" data-id=\"3579\" src=\"https:\/\/buroproject.be\/wp-content\/uploads\/2025\/10\/ESHRE-18_0.jpg.webp\" alt=\"\" class=\"wp-image-3579\" srcset=\"https:\/\/buroproject.be\/wp-content\/uploads\/2025\/10\/ESHRE-18_0.jpg.webp 460w, https:\/\/buroproject.be\/wp-content\/uploads\/2025\/10\/ESHRE-18_0.jpg-230x300.webp 230w\" sizes=\"(max-width: 460px) 100vw, 460px\" \/><\/figure>\n\n\n\n<figure class=\"wp-block-image size-full\"><img decoding=\"async\" width=\"900\" height=\"600\" data-id=\"3580\" src=\"https:\/\/buroproject.be\/wp-content\/uploads\/2025\/10\/ESHRE-17.jpg.webp\" alt=\"\" class=\"wp-image-3580\" srcset=\"https:\/\/buroproject.be\/wp-content\/uploads\/2025\/10\/ESHRE-17.jpg.webp 900w, https:\/\/buroproject.be\/wp-content\/uploads\/2025\/10\/ESHRE-17.jpg-300x200.webp 300w, https:\/\/buroproject.be\/wp-content\/uploads\/2025\/10\/ESHRE-17.jpg-768x512.webp 768w\" sizes=\"(max-width: 900px) 100vw, 900px\" \/><\/figure>\n<\/figure>\n<\/div>\n<\/div>\n","protected":false},"featured_media":0,"parent":0,"template":"","inzichten-category":[242],"class_list":["post-6075","inzichten","type-inzichten","status-publish","hentry","inzichten-category-bien-etre"],"acf":[],"mb":[],"mfb_rest_fields":["title"],"_links":{"self":[{"href":"https:\/\/buroproject.be\/fr\/wp-json\/wp\/v2\/inzichten\/6075","targetHints":{"allow":["GET"]}}],"collection":[{"href":"https:\/\/buroproject.be\/fr\/wp-json\/wp\/v2\/inzichten"}],"about":[{"href":"https:\/\/buroproject.be\/fr\/wp-json\/wp\/v2\/types\/inzichten"}],"wp:attachment":[{"href":"https:\/\/buroproject.be\/fr\/wp-json\/wp\/v2\/media?parent=6075"}],"wp:term":[{"taxonomy":"inzichten-category","embeddable":true,"href":"https:\/\/buroproject.be\/fr\/wp-json\/wp\/v2\/inzichten-category?post=6075"}],"curies":[{"name":"wp","href":"https:\/\/api.w.org\/{rel}","templated":true}]}}

Témoignage d&#8217;employé : L&rsquo;impact d&rsquo;un nouvel aménagement de bureau.

<div class="wp-block-group fullWidthImgSec has-global-padding is-layout-constrained wp-block-group-is-layout-constrained" style="padding-top:var(--wp--preset--spacing--60-30);padding-bottom:var(--wp--preset--spacing--60-30)">
<div class="wp-block-group is-layout-flow wp-block-group-is-layout-flow">
<figure class="wp-block-image size-full has-custom-border"><img decoding="async" width="2560" height="1074" src="https://buroproject.be/wp-content/uploads/2025/10/d95a143e-f673-4c46-8e73-1a8ddf08ac37.jpg-scaled.webp" alt="" class="wp-image-2793" style="border-radius:0px" srcset="https://buroproject.be/wp-content/uploads/2025/10/d95a143e-f673-4c46-8e73-1a8ddf08ac37.jpg-scaled.webp 2560w, https://buroproject.be/wp-content/uploads/2025/10/d95a143e-f673-4c46-8e73-1a8ddf08ac37.jpg-300x126.webp 300w, https://buroproject.be/wp-content/uploads/2025/10/d95a143e-f673-4c46-8e73-1a8ddf08ac37.jpg-1024x429.webp 1024w, https://buroproject.be/wp-content/uploads/2025/10/d95a143e-f673-4c46-8e73-1a8ddf08ac37.jpg-768x322.webp 768w, https://buroproject.be/wp-content/uploads/2025/10/d95a143e-f673-4c46-8e73-1a8ddf08ac37.jpg-1536x644.webp 1536w, https://buroproject.be/wp-content/uploads/2025/10/d95a143e-f673-4c46-8e73-1a8ddf08ac37.jpg-2048x859.webp 2048w" sizes="(max-width: 2560px) 100vw, 2560px" /></figure>
</div>
</div>

<div class="wp-block-columns is-layout-flex wp-container-core-columns-is-layout-6b66b73d wp-block-columns-is-layout-flex" style="margin-top:0;margin-bottom:0;padding-top:var(--wp--preset--spacing--32-24);padding-bottom:var(--wp--preset--spacing--32-24)">
<div class="wp-block-column has-global-padding is-layout-constrained wp-block-column-is-layout-constrained">
<div class="wp-block-group is-layout-flow wp-container-core-group-is-layout-4bbf747a wp-block-group-is-layout-flow">
<p>« Des espaces de travail intelligents pour des personnes heureuses ». Avec notre aménagement de bureau, nous voulons rendre les employés heureux. Nous testons l&rsquo;impact « réel » en le demandant à un collègue chez l&rsquo;un de nos clients ESHRE, European Society for Human Reproduction and Embryology.  <br/></p>
</div>
</div>
</div>

<div class="wp-block-columns is-layout-flex wp-container-core-columns-is-layout-6b66b73d wp-block-columns-is-layout-flex" style="margin-top:0;margin-bottom:0;padding-top:var(--wp--preset--spacing--32-24);padding-bottom:var(--wp--preset--spacing--32-24)">
<div class="wp-block-column has-global-padding is-layout-constrained wp-block-column-is-layout-constrained">
<div class="wp-block-group is-layout-flow wp-container-core-group-is-layout-4bbf747a wp-block-group-is-layout-flow">
<h2 class="wp-block-heading">Quelle a été votre première impression du nouveau bureau ? </h2>



<p>Notre nouveau bureau paraît très spacieux, mais il est surtout fonctionnel. C&rsquo;est quelque chose qui frappe immédiatement quand vous entrez, chaque élément a été pensé. Le style calme et professionnel correspond parfaitement à ESHRE.   <br/></p>
</div>
</div>
</div>

<div class="wp-block-columns is-layout-flex wp-container-core-columns-is-layout-6b66b73d wp-block-columns-is-layout-flex" style="margin-top:0;margin-bottom:0;padding-top:var(--wp--preset--spacing--32-24);padding-bottom:var(--wp--preset--spacing--32-24)">
<div class="wp-block-column has-global-padding is-layout-constrained wp-block-column-is-layout-constrained">
<div class="wp-block-group is-layout-flow wp-container-core-group-is-layout-4bbf747a wp-block-group-is-layout-flow">
<h2 class="wp-block-heading">Comment le nouveau bureau a-t-il influencé la productivité par rapport à l&rsquo;ancien bureau ? </h2>



<p>Dans notre ancien bureau, le manque de salles de réunion entraînait des frustrations. Les différents espaces de réunion dont nous disposons désormais contribuent certainement à rendre les nombreuses réunions, physiques et en ligne, plus productives. Pour les tâches exigeant davantage de concentration, nous disposons également de postes de travail individuels fermés. Parallèlement, contrairement à notre bureau précédent, nous pouvons désormais tous travailler dans le même espace de bureau.    Dans l’ancien bureau, nous étions répartis sur deux étages, ce qui divisait notre « petite » équipe en deux groupes. <strong>Il y a plus de cohésion aujourd&rsquo;hui.</strong></p>
</div>
</div>
</div>

<div class="wp-block-columns txtWthBg is-layout-flex wp-container-core-columns-is-layout-5cac8182 wp-block-columns-is-layout-flex" style="margin-top:0px;margin-bottom:0px;padding-top:var(--wp--preset--spacing--60-30);padding-bottom:var(--wp--preset--spacing--60-30)">
<div class="wp-block-column has-global-padding is-layout-constrained wp-block-column-is-layout-constrained">
<div class="wp-block-group txtWthBgWrap has-background is-layout-flow wp-container-core-group-is-layout-8738a8f5 wp-block-group-is-layout-flow" style="background-color:#e4e9e3;padding-top:var(--wp--preset--spacing--80-40);padding-right:var(--wp--preset--spacing--80-40);padding-bottom:var(--wp--preset--spacing--80-40);padding-left:var(--wp--preset--spacing--80-40)">
<div class="wp-block-group is-content-justification-center is-nowrap is-layout-flex wp-container-core-group-is-layout-23441af8 wp-block-group-is-layout-flex">
<figure class="wp-block-image size-full"><img decoding="async" width="533" height="800" src="https://buroproject.be/wp-content/uploads/2025/10/Buro-Project-ESHRE-25-533x800-1.jpg" alt="" class="wp-image-2792" srcset="https://buroproject.be/wp-content/uploads/2025/10/Buro-Project-ESHRE-25-533x800-1.jpg 533w, https://buroproject.be/wp-content/uploads/2025/10/Buro-Project-ESHRE-25-533x800-1-200x300.jpg 200w" sizes="(max-width: 533px) 100vw, 533px" /></figure>
</div>
</div>
</div>
</div>

<div class="wp-block-columns is-layout-flex wp-container-core-columns-is-layout-6b66b73d wp-block-columns-is-layout-flex" style="margin-top:0;margin-bottom:0;padding-top:var(--wp--preset--spacing--32-24);padding-bottom:var(--wp--preset--spacing--32-24)">
<div class="wp-block-column has-global-padding is-layout-constrained wp-block-column-is-layout-constrained">
<div class="wp-block-group is-layout-flow wp-container-core-group-is-layout-4bbf747a wp-block-group-is-layout-flow">
<h2 class="wp-block-heading">Quels éléments spécifiques recommanderiez-vous directement à d&rsquo;autres entreprises qui souhaitent investir dans un nouvel aménagement de bureau ? </h2>



<p>La zone de réunion informelle avec des poufs confortables qui a été placée entre les postes de travail, rompt l&rsquo;espace ouvert et a certainement une valeur ajoutée acoustique, mais elle est aussi particulièrement fonctionnelle. </p>



<p>Au lieu de rester debout à parler près d&rsquo;un bureau, vous avez immédiatement l&rsquo;intuition d&rsquo;utiliser cette zone, ce qui favorise la conversation et en même temps les autres collègues de l&rsquo;îlot ne sont pas dérangés. Je suis aussi un grand fan de la cloison en bois multifonctionnelle, avec espace de rangement, places assises, espace de placards. Un élément très beau, tant au niveau du design que de l&rsquo;exécution.   </p>



<p>Enfin, je suis un fan absolu du plan de travail de l&rsquo;îlot dans la cuisine, qui a été réalisé en terrazzo, et je ne suis pas le seul. Il est noté comme un incontournable pour la nouvelle cuisine chez moi. </p>



<div class="wp-block-buttons is-layout-flex wp-block-buttons-is-layout-flex">
<div class="wp-block-button is-style-black is-style-black--1"><a class="wp-block-button__link wp-element-button" href="https://buroproject.be/fr/realisations/eshre/">découvrez l&rsquo;aménagement complet d&rsquo;eshre</a></div>
</div>



<div class="wp-block-buttons is-layout-flex wp-block-buttons-is-layout-flex">
<div class="wp-block-button is-style-black is-style-black--2"><a class="wp-block-button__link wp-element-button" href="https://buroproject.be/sites/default/files/2023-09/BuroProject_Services_Presentation.pdf">téléchargez notre présentation de services</a></div>
</div>
</div>
</div>
</div>

<div class="wp-block-group gallerySec has-global-padding is-layout-constrained wp-block-group-is-layout-constrained" style="margin-top:0px;margin-bottom:0px;padding-top:var(--wp--preset--spacing--60-30);padding-bottom:var(--wp--preset--spacing--60-30)">
<div class="wp-block-group is-layout-flow wp-block-group-is-layout-flow">
<figure class="wp-block-gallery has-nested-images columns-2 hasMasonry galleryImg hasFancy wp-block-gallery-3 is-layout-flex wp-block-gallery-is-layout-flex">
<figure class="wp-block-image size-full"><img decoding="async" width="900" height="600" data-id="3576" src="https://buroproject.be/wp-content/uploads/2025/10/Buro-Project-ESHRE-09-scaled.jpg.webp" alt="" class="wp-image-3576" srcset="https://buroproject.be/wp-content/uploads/2025/10/Buro-Project-ESHRE-09-scaled.jpg.webp 900w, https://buroproject.be/wp-content/uploads/2025/10/Buro-Project-ESHRE-09-scaled.jpg-300x200.webp 300w, https://buroproject.be/wp-content/uploads/2025/10/Buro-Project-ESHRE-09-scaled.jpg-768x512.webp 768w" sizes="(max-width: 900px) 100vw, 900px" /></figure>



<figure class="wp-block-image size-full"><img decoding="async" width="900" height="600" data-id="3577" src="https://buroproject.be/wp-content/uploads/2025/10/Buro-Project-ESHRE-04-1280x853.jpg-1.webp" alt="" class="wp-image-3577" srcset="https://buroproject.be/wp-content/uploads/2025/10/Buro-Project-ESHRE-04-1280x853.jpg-1.webp 900w, https://buroproject.be/wp-content/uploads/2025/10/Buro-Project-ESHRE-04-1280x853.jpg-1-300x200.webp 300w, https://buroproject.be/wp-content/uploads/2025/10/Buro-Project-ESHRE-04-1280x853.jpg-1-768x512.webp 768w" sizes="(max-width: 900px) 100vw, 900px" /></figure>



<figure class="wp-block-image size-full"><img decoding="async" width="900" height="600" data-id="3578" src="https://buroproject.be/wp-content/uploads/2025/10/Buro-Project-ESHRE-21-scaled.jpg.webp" alt="" class="wp-image-3578" srcset="https://buroproject.be/wp-content/uploads/2025/10/Buro-Project-ESHRE-21-scaled.jpg.webp 900w, https://buroproject.be/wp-content/uploads/2025/10/Buro-Project-ESHRE-21-scaled.jpg-300x200.webp 300w, https://buroproject.be/wp-content/uploads/2025/10/Buro-Project-ESHRE-21-scaled.jpg-768x512.webp 768w" sizes="(max-width: 900px) 100vw, 900px" /></figure>



<figure class="wp-block-image size-full"><img decoding="async" width="460" height="600" data-id="3579" src="https://buroproject.be/wp-content/uploads/2025/10/ESHRE-18_0.jpg.webp" alt="" class="wp-image-3579" srcset="https://buroproject.be/wp-content/uploads/2025/10/ESHRE-18_0.jpg.webp 460w, https://buroproject.be/wp-content/uploads/2025/10/ESHRE-18_0.jpg-230x300.webp 230w" sizes="(max-width: 460px) 100vw, 460px" /></figure>



<figure class="wp-block-image size-full"><img decoding="async" width="900" height="600" data-id="3580" src="https://buroproject.be/wp-content/uploads/2025/10/ESHRE-17.jpg.webp" alt="" class="wp-image-3580" srcset="https://buroproject.be/wp-content/uploads/2025/10/ESHRE-17.jpg.webp 900w, https://buroproject.be/wp-content/uploads/2025/10/ESHRE-17.jpg-300x200.webp 300w, https://buroproject.be/wp-content/uploads/2025/10/ESHRE-17.jpg-768x512.webp 768w" sizes="(max-width: 900px) 100vw, 900px" /></figure>
</figure>
</div>
</div>
